{"id":82,"date":"2018-01-12T22:04:37","date_gmt":"2018-01-12T21:04:37","guid":{"rendered":"http:\/\/sektion-hair.de\/kirchweih\/wordpress\/?page_id=82"},"modified":"2022-04-27T14:08:44","modified_gmt":"2022-04-27T12:08:44","slug":"vergnuegungspark","status":"publish","type":"page","link":"http:\/\/sektion-hair.de\/kirchweih\/wordpress\/vergnuegungspark\/","title":{"rendered":"Vergn\u00fcgungspark"},"content":{"rendered":"<p>Unser Schausteller Andy sorgt auch dieses Jahr wieder f\u00fcr einen gut best\u00fcckten Festplatz! Auch Familie Meier ist wieder mit Ihrer mobilen Fischbraterei vertreten!<\/p>\n<p><img loading=\"lazy\" decoding=\"async\" class=\"size-full wp-image-327 aligncenter\" src=\"http:\/\/sektion-hair.de\/kirchweih\/wordpress\/wp-content\/uploads\/2022\/04\/plat.png\" alt=\"\" width=\"1289\" height=\"850\" srcset=\"http:\/\/sektion-hair.de\/kirchweih\/wordpress\/wp-content\/uploads\/2022\/04\/plat.png 1289w, http:\/\/sektion-hair.de\/kirchweih\/wordpress\/wp-content\/uploads\/2022\/04\/plat-300x198.png 300w, http:\/\/sektion-hair.de\/kirchweih\/wordpress\/wp-content\/uploads\/2022\/04\/plat-1024x675.png 1024w, http:\/\/sektion-hair.de\/kirchweih\/wordpress\/wp-content\/uploads\/2022\/04\/plat-768x506.png 768w\" sizes=\"(max-width: 1289px) 100vw, 1289px\" \/><\/p>\n","protected":false},"excerpt":{"rendered":"<p>Unser Schausteller Andy sorgt auch dieses Jahr wieder f\u00fcr einen gut best\u00fcckten Festplatz! Auch Familie Meier ist wieder mit Ihrer mobilen Fischbraterei vertreten!<\/p>\n","protected":false},"author":1,"featured_media":0,"parent":0,"menu_order":0,"comment_status":"closed","ping_status":"closed","template":"","meta":{"ngg_post_thumbnail":0,"footnotes":""},"_links":{"self":[{"href":"http:\/\/sektion-hair.de\/kirchweih\/wordpress\/wp-json\/wp\/v2\/pages\/82"}],"collection":[{"href":"http:\/\/sektion-hair.de\/kirchweih\/wordpress\/wp-json\/wp\/v2\/pages"}],"about":[{"href":"http:\/\/sektion-hair.de\/kirchweih\/wordpress\/wp-json\/wp\/v2\/types\/page"}],"author":[{"embeddable":true,"href":"http:\/\/sektion-hair.de\/kirchweih\/wordpress\/wp-json\/wp\/v2\/users\/1"}],"replies":[{"embeddable":true,"href":"http:\/\/sektion-hair.de\/kirchweih\/wordpress\/wp-json\/wp\/v2\/comments?post=82"}],"version-history":[{"count":8,"href":"http:\/\/sektion-hair.de\/kirchweih\/wordpress\/wp-json\/wp\/v2\/pages\/82\/revisions"}],"predecessor-version":[{"id":329,"href":"http:\/\/sektion-hair.de\/kirchweih\/wordpress\/wp-json\/wp\/v2\/pages\/82\/revisions\/329"}],"wp:attachment":[{"href":"http:\/\/sektion-hair.de\/kirchweih\/wordpress\/wp-json\/wp\/v2\/media?parent=82"}],"curies":[{"name":"wp","href":"https:\/\/api.w.org\/{rel}","templated":true}]}}

Vergnügungspark

<p>Unser Schausteller Andy sorgt auch dieses Jahr wieder für einen gut bestückten Festplatz! Auch Familie Meier ist wieder mit Ihrer mobilen Fischbraterei vertreten!</p>
<p><img loading="lazy" decoding="async" class="size-full wp-image-327 aligncenter" src="http://sektion-hair.de/kirchweih/wordpress/wp-content/uploads/2022/04/plat.png" alt="" width="1289" height="850" srcset="http://sektion-hair.de/kirchweih/wordpress/wp-content/uploads/2022/04/plat.png 1289w, http://sektion-hair.de/kirchweih/wordpress/wp-content/uploads/2022/04/plat-300x198.png 300w, http://sektion-hair.de/kirchweih/wordpress/wp-content/uploads/2022/04/plat-1024x675.png 1024w, http://sektion-hair.de/kirchweih/wordpress/wp-content/uploads/2022/04/plat-768x506.png 768w" sizes="(max-width: 1289px) 100vw, 1289px" /></p>

<p>Unser Schausteller Andy sorgt auch dieses Jahr wieder für einen gut bestückten Festplatz! Auch Familie Meier ist wieder mit Ihrer mobilen Fischbraterei vertreten!</p>
