{"id":242,"date":"2021-05-03T11:29:50","date_gmt":"2021-05-03T09:29:50","guid":{"rendered":"http:\/\/sektion-hair.de\/kirchweih\/wordpress\/?page_id=242"},"modified":"2021-05-03T11:40:29","modified_gmt":"2021-05-03T09:40:29","slug":"kirchweihlauf","status":"publish","type":"page","link":"http:\/\/sektion-hair.de\/kirchweih\/wordpress\/kirchweihlauf\/","title":{"rendered":"Kirchweihlauf"},"content":{"rendered":"<div id=\"divRRRegStart\" class=\"RRRegStart\">\n<p><strong>Herzlich Willkommen zum 1. Kirchweihlauf in Roth-Pfaffenhofen<\/strong>,<\/p>\n<p>eigentlich war die erste Auflage des Kirchweihlaufs am Donnerstag vor der Rocknacht Pfaffenhofen geplant. Sch\u00f6n mit Siegerehrung und Livemusik im Festzelt.<br \/>\nLeider l\u00e4sst Corona dass dieses Jahr nicht zu und die Kirchweih muss das zweite Jahr in Folge ausfallen.<\/p>\n<p>Als kleines Alternativprogramm&nbsp; haben wir uns entschieden, den Kirchweihlauf &#8222;virtuell&#8220; stattfinden zu lassen. D.h, jeder l\u00e4uft am Kirchweihwochenende (11-14.06.21) wann und wo er will. Mit der kleinen Startgeb\u00fchr unterst\u00fctz Ihr zus\u00e4tzlich&nbsp;den SV Pfaffenhofen.<\/p>\n<p><strong>Folgende Distanzen bieten wir dir an:<\/strong><\/p>\n<p><strong>Laufe<\/strong>&nbsp;5 Km, 10 Km, 21km oder melde dich im&nbsp;<strong>Walking<\/strong>&nbsp;zur&nbsp;5km, 10km oder 15m Strecke an.<br \/>\nF\u00fcr Kinder gibt es eine 2Km Strecke und f\u00fcr die Kleinsten 500m<\/p>\n<p><strong>Teile uns anschlie\u00dfend dein Ergebnis mit!<\/strong><\/p>\n<p>Tracke dich dazu dabei mit einer beliebigen Running-App \u00fcber dein Smartphone oder deine GPS-Uhr und lade deine Zeit bis sp\u00e4testens Montag 14.06.2021, 18:00 Uhr (CET)&nbsp; \u00fcber den Upload-Link hoch. (Der Upload-Link wird dir nach Anmeldung per Email zugesendet).&nbsp;Schicke uns dazu einen Screenshot deiner App oder mache ein Foto deiner Uhr als Ergebnisnachweis und h\u00e4nge gerne noch ein Foto von Euch in Action oder nach dem &#8222;Zieleinlauf&#8220; mit an. (Die Fotos werden ggf. auf unseren Medien oder im n\u00e4chsten K\u00e4rwaheftchen ver\u00f6ffentlicht).<\/p>\n<p><strong>Sp\u00e4tenstens am 15 Juni 2021 stehen dann alle Ergebnisse und Urkunden auf der Erbenisseite zur Verf\u00fcgung.&nbsp;<\/strong><\/p>\n<p>Also Laufschuhe oder Walkingst\u00f6cke bereit halten und anmelden.&nbsp;<\/p>\n<p>Viel Spa\u00df und viel Erfolg!<\/p>\n<p><a href=\"https:\/\/my.raceresult.com\/169461\/\" target=\"_blank\" rel=\"noopener noreferrer\"><b>Hier findet Ihr die Ergebnisse und Urkunden<\/b><\/a><\/p>\n<\/div>\n<div id=\"divRRRegStart\" class=\"RRRegStart\"><\/div>\n<p><script type=\"text\/javascript\" src=\"https:\/\/my.raceresult.com\/RRRegStart\/load.js.php?lang=de\"><\/script><br \/>\n<script type=\"text\/javascript\">\n<!--\n\tvar rrp=new RRRegStart(document.getElementById(\"divRRRegStart\"), 169461);\n-->\n<\/script><\/p>\n<style>\n  \/* Add custom CSS here or elsewhere to change the design *\/\n<\/style>\n","protected":false},"excerpt":{"rendered":"<p>Herzlich Willkommen zum 1. Kirchweihlauf in Roth-Pfaffenhofen, eigentlich war die erste Auflage des Kirchweihlaufs am Donnerstag vor der Rocknacht Pfaffenhofen geplant. Sch\u00f6n mit Siegerehrung und Livemusik im Festzelt. Leider l\u00e4sst Corona dass dieses Jahr nicht zu und die Kirchweih muss das zweite Jahr in Folge ausfallen. Als kleines Alternativprogramm&nbsp; haben wir uns entschieden, den Kirchweihlauf&hellip; <br \/> <a class=\"read-more\" href=\"http:\/\/sektion-hair.de\/kirchweih\/wordpress\/kirchweihlauf\/\">Weiterlesen<\/a><\/p>\n","protected":false},"author":1,"featured_media":0,"parent":0,"menu_order":0,"comment_status":"closed","ping_status":"closed","template":"","meta":{"ngg_post_thumbnail":0,"footnotes":""},"_links":{"self":[{"href":"http:\/\/sektion-hair.de\/kirchweih\/wordpress\/wp-json\/wp\/v2\/pages\/242"}],"collection":[{"href":"http:\/\/sektion-hair.de\/kirchweih\/wordpress\/wp-json\/wp\/v2\/pages"}],"about":[{"href":"http:\/\/sektion-hair.de\/kirchweih\/wordpress\/wp-json\/wp\/v2\/types\/page"}],"author":[{"embeddable":true,"href":"http:\/\/sektion-hair.de\/kirchweih\/wordpress\/wp-json\/wp\/v2\/users\/1"}],"replies":[{"embeddable":true,"href":"http:\/\/sektion-hair.de\/kirchweih\/wordpress\/wp-json\/wp\/v2\/comments?post=242"}],"version-history":[{"count":12,"href":"http:\/\/sektion-hair.de\/kirchweih\/wordpress\/wp-json\/wp\/v2\/pages\/242\/revisions"}],"predecessor-version":[{"id":255,"href":"http:\/\/sektion-hair.de\/kirchweih\/wordpress\/wp-json\/wp\/v2\/pages\/242\/revisions\/255"}],"wp:attachment":[{"href":"http:\/\/sektion-hair.de\/kirchweih\/wordpress\/wp-json\/wp\/v2\/media?parent=242"}],"curies":[{"name":"wp","href":"https:\/\/api.w.org\/{rel}","templated":true}]}}

<div id="divRRRegStart" class="RRRegStart">
<p><strong>Herzlich Willkommen zum 1. Kirchweihlauf in Roth-Pfaffenhofen</strong>,</p>
<p>eigentlich war die erste Auflage des Kirchweihlaufs am Donnerstag vor der Rocknacht Pfaffenhofen geplant. Schön mit Siegerehrung und Livemusik im Festzelt.<br />
Leider lässt Corona dass dieses Jahr nicht zu und die Kirchweih muss das zweite Jahr in Folge ausfallen.</p>
<p>Als kleines Alternativprogramm&nbsp; haben wir uns entschieden, den Kirchweihlauf &#8222;virtuell&#8220; stattfinden zu lassen. D.h, jeder läuft am Kirchweihwochenende (11-14.06.21) wann und wo er will. Mit der kleinen Startgebühr unterstütz Ihr zusätzlich&nbsp;den SV Pfaffenhofen.</p>
<p><strong>Folgende Distanzen bieten wir dir an:</strong></p>
<p><strong>Laufe</strong>&nbsp;5 Km, 10 Km, 21km oder melde dich im&nbsp;<strong>Walking</strong>&nbsp;zur&nbsp;5km, 10km oder 15m Strecke an.<br />
Für Kinder gibt es eine 2Km Strecke und für die Kleinsten 500m</p>
<p><strong>Teile uns anschließend dein Ergebnis mit!</strong></p>
<p>Tracke dich dazu dabei mit einer beliebigen Running-App über dein Smartphone oder deine GPS-Uhr und lade deine Zeit bis spätestens Montag 14.06.2021, 18:00 Uhr (CET)&nbsp; über den Upload-Link hoch. (Der Upload-Link wird dir nach Anmeldung per Email zugesendet).&nbsp;Schicke uns dazu einen Screenshot deiner App oder mache ein Foto deiner Uhr als Ergebnisnachweis und hänge gerne noch ein Foto von Euch in Action oder nach dem &#8222;Zieleinlauf&#8220; mit an. (Die Fotos werden ggf. auf unseren Medien oder im nächsten Kärwaheftchen veröffentlicht).</p>
<p><strong>Spätenstens am 15 Juni 2021 stehen dann alle Ergebnisse und Urkunden auf der Erbenisseite zur Verfügung.&nbsp;</strong></p>
<p>Also Laufschuhe oder Walkingstöcke bereit halten und anmelden.&nbsp;</p>
<p>Viel Spaß und viel Erfolg!</p>
<p><a href="https://my.raceresult.com/169461/" target="_blank" rel="noopener noreferrer"><b>Hier findet Ihr die Ergebnisse und Urkunden</b></a></p>
</div>
<div id="divRRRegStart" class="RRRegStart"></div>
<p><script type="text/javascript" src="https://my.raceresult.com/RRRegStart/load.js.php?lang=de"></script><br />
<script type="text/javascript">
<!--
	var rrp=new RRRegStart(document.getElementById("divRRRegStart"), 169461);
-->
</script></p>
<style>
  /* Add custom CSS here or elsewhere to change the design */
</style>

<p>Herzlich Willkommen zum 1. Kirchweihlauf in Roth-Pfaffenhofen, eigentlich war die erste Auflage des Kirchweihlaufs am Donnerstag vor der Rocknacht Pfaffenhofen geplant. Schön mit Siegerehrung und Livemusik im Festzelt. Leider lässt Corona dass dieses Jahr nicht zu und die Kirchweih muss das zweite Jahr in Folge ausfallen. Als kleines Alternativprogramm&nbsp; haben wir uns entschieden, den Kirchweihlauf&hellip; <br /> <a class="read-more" href="http://sektion-hair.de/kirchweih/wordpress/kirchweihlauf/">Weiterlesen</a></p>
