{"id":146,"date":"2018-04-12T10:11:16","date_gmt":"2018-04-12T08:11:16","guid":{"rendered":"http:\/\/sektion-hair.de\/kirchweih\/wordpress\/?page_id=146"},"modified":"2023-03-15T07:24:49","modified_gmt":"2023-03-15T06:24:49","slug":"verlosung","status":"publish","type":"page","link":"http:\/\/sektion-hair.de\/kirchweih\/wordpress\/verlosung\/","title":{"rendered":"Verlosung"},"content":{"rendered":"<p>Auf jeder Festschrift der Kirchweih Pfaffenhofen befindet sich auf der Titelseite eine vierstellige Losnummer! Die Festschrift wird ab Mai in Pfaffenhofen verteilt&nbsp; <strong>(leider verz\u00f6gert sich die Ausgabe aufgrund Lieferprobleme der Druckerei!)<\/strong> und ist in vielen Gesch\u00e4ften der Stadt Roth und B\u00fcchenbach kostenlos erh\u00e4ltlich!&nbsp;<\/p>\n<p>Registriert die Losnummer hier auf der Seite, sendet die Gewinnnummer an gewinnspiel@kirchweih-pfaffenhofen.de &nbsp;oder schriftlich per Post an Chris Weidmann, Am Sandb\u00fchl 22, 91154 Pfaffenhofen und seit so ein Teil der Verlosung! <strong><u>Einsendeschluss ist Donnerstag der 22.06.2022, 20 Uhr.<\/u><\/strong><\/p>\n<p>Kommt dann am Sonntag den 26.06.2022 ins Festzelt. Die Losfee wird gegen 20:30 Uhr die Gewinner ziehen*<\/p>\n<div role=\"form\" class=\"wpcf7\" id=\"wpcf7-f145-o1\" lang=\"de-DE\" dir=\"ltr\">\n<div class=\"screen-reader-response\"><p role=\"status\" aria-live=\"polite\" aria-atomic=\"true\"><\/p> <ul><\/ul><\/div>\n<form action=\"\/kirchweih\/wordpress\/wp-json\/wp\/v2\/pages\/146#wpcf7-f145-o1\" method=\"post\" class=\"wpcf7-form init\" novalidate=\"novalidate\" data-status=\"init\">\n<div style=\"display: none;\">\n<input type=\"hidden\" name=\"_wpcf7\" value=\"145\" \/>\n<input type=\"hidden\" name=\"_wpcf7_version\" value=\"5.5.6.1\" \/>\n<input type=\"hidden\" name=\"_wpcf7_locale\" value=\"de_DE\" \/>\n<input type=\"hidden\" name=\"_wpcf7_unit_tag\" value=\"wpcf7-f145-o1\" \/>\n<input type=\"hidden\" name=\"_wpcf7_container_post\" value=\"0\" \/>\n<input type=\"hidden\" name=\"_wpcf7_posted_data_hash\" value=\"\" \/>\n<\/div>\n<p><label> Losnummer<br \/>\n<span class=\"wpcf7-form-control-wrap number-77\"><input type=\"number\" name=\"number-77\" value=\"\" class=\"wpcf7-form-control wpcf7-number wpcf7-validates-as-required wpcf7-validates-as-number\" min=\"0\" max=\"5000\" aria-required=\"true\" aria-invalid=\"false\" \/><\/span><\/label><\/p>\n<p><input type=\"submit\" value=\"Senden\" class=\"wpcf7-form-control has-spinner wpcf7-submit\" \/><\/p>\n<div class=\"wpcf7-response-output\" aria-hidden=\"true\"><\/div><\/form><\/div>\n<p>Auch dieses Jahr haben wir wieder tolle Preise und Gutscheine! Hier eine \u00dcbersicht \u00fcber die Firmen die uns Unterst\u00fctzen<\/p>\n<p>&nbsp;<\/p>\n<p><strong>Ein gro\u00dfer Dank geht an alle Sponsoren dieser Verlosung.<\/strong><\/p>\n<p>&nbsp;<\/p>\n<h6>* Gewinner muss anwesend sein, sonst wird eine weitere Nummer gezogen. Die Titelseite der Festschrift ist als Nachweis mitzubringen. Der Rechtsweg ist ausgeschlossen.<\/h6>\n","protected":false},"excerpt":{"rendered":"<p>Auf jeder Festschrift der Kirchweih Pfaffenhofen befindet sich auf der Titelseite eine vierstellige Losnummer! Die Festschrift wird ab Mai in Pfaffenhofen verteilt&nbsp; (leider verz\u00f6gert sich die Ausgabe aufgrund Lieferprobleme der Druckerei!) und ist in vielen Gesch\u00e4ften der Stadt Roth und B\u00fcchenbach kostenlos erh\u00e4ltlich!&nbsp; Registriert die Losnummer hier auf der Seite, sendet die Gewinnnummer an gewinnspiel@kirchweih-pfaffenhofen.de&hellip; <br \/> <a class=\"read-more\" href=\"http:\/\/sektion-hair.de\/kirchweih\/wordpress\/verlosung\/\">Weiterlesen<\/a><\/p>\n","protected":false},"author":1,"featured_media":0,"parent":0,"menu_order":0,"comment_status":"closed","ping_status":"closed","template":"","meta":{"ngg_post_thumbnail":0,"footnotes":""},"_links":{"self":[{"href":"http:\/\/sektion-hair.de\/kirchweih\/wordpress\/wp-json\/wp\/v2\/pages\/146"}],"collection":[{"href":"http:\/\/sektion-hair.de\/kirchweih\/wordpress\/wp-json\/wp\/v2\/pages"}],"about":[{"href":"http:\/\/sektion-hair.de\/kirchweih\/wordpress\/wp-json\/wp\/v2\/types\/page"}],"author":[{"embeddable":true,"href":"http:\/\/sektion-hair.de\/kirchweih\/wordpress\/wp-json\/wp\/v2\/users\/1"}],"replies":[{"embeddable":true,"href":"http:\/\/sektion-hair.de\/kirchweih\/wordpress\/wp-json\/wp\/v2\/comments?post=146"}],"version-history":[{"count":19,"href":"http:\/\/sektion-hair.de\/kirchweih\/wordpress\/wp-json\/wp\/v2\/pages\/146\/revisions"}],"predecessor-version":[{"id":368,"href":"http:\/\/sektion-hair.de\/kirchweih\/wordpress\/wp-json\/wp\/v2\/pages\/146\/revisions\/368"}],"wp:attachment":[{"href":"http:\/\/sektion-hair.de\/kirchweih\/wordpress\/wp-json\/wp\/v2\/media?parent=146"}],"curies":[{"name":"wp","href":"https:\/\/api.w.org\/{rel}","templated":true}]}}

<p>Auf jeder Festschrift der Kirchweih Pfaffenhofen befindet sich auf der Titelseite eine vierstellige Losnummer! Die Festschrift wird ab Mai in Pfaffenhofen verteilt&nbsp; <strong>(leider verzögert sich die Ausgabe aufgrund Lieferprobleme der Druckerei!)</strong> und ist in vielen Geschäften der Stadt Roth und Büchenbach kostenlos erhältlich!&nbsp;</p>
<p>Registriert die Losnummer hier auf der Seite, sendet die Gewinnnummer an gewinnspiel@kirchweih-pfaffenhofen.de &nbsp;oder schriftlich per Post an Chris Weidmann, Am Sandbühl 22, 91154 Pfaffenhofen und seit so ein Teil der Verlosung! <strong><u>Einsendeschluss ist Donnerstag der 22.06.2022, 20 Uhr.</u></strong></p>
<p>Kommt dann am Sonntag den 26.06.2022 ins Festzelt. Die Losfee wird gegen 20:30 Uhr die Gewinner ziehen*</p>
<div role="form" class="wpcf7" id="wpcf7-f145-o1" lang="de-DE" dir="ltr">
<div class="screen-reader-response"><p role="status" aria-live="polite" aria-atomic="true"></p> <ul></ul></div>
<form action="/kirchweih/wordpress/wp-json/wp/v2/pages/146#wpcf7-f145-o1" method="post" class="wpcf7-form init" novalidate="novalidate" data-status="init">
<div style="display: none;">
<input type="hidden" name="_wpcf7" value="145" />
<input type="hidden" name="_wpcf7_version" value="5.5.6.1" />
<input type="hidden" name="_wpcf7_locale" value="de_DE" />
<input type="hidden" name="_wpcf7_unit_tag" value="wpcf7-f145-o1" />
<input type="hidden" name="_wpcf7_container_post" value="0" />
<input type="hidden" name="_wpcf7_posted_data_hash" value="" />
</div>
<p><label> Losnummer<br />
<span class="wpcf7-form-control-wrap number-77"><input type="number" name="number-77" value="" class="wpcf7-form-control wpcf7-number wpcf7-validates-as-required wpcf7-validates-as-number" min="0" max="5000" aria-required="true" aria-invalid="false" /></span></label></p>
<p><input type="submit" value="Senden" class="wpcf7-form-control has-spinner wpcf7-submit" /></p>
<div class="wpcf7-response-output" aria-hidden="true"></div></form></div>
<p>Auch dieses Jahr haben wir wieder tolle Preise und Gutscheine! Hier eine Übersicht über die Firmen die uns Unterstützen</p>
<p>&nbsp;</p>
<p><strong>Ein großer Dank geht an alle Sponsoren dieser Verlosung.</strong></p>
<p>&nbsp;</p>
<h6>* Gewinner muss anwesend sein, sonst wird eine weitere Nummer gezogen. Die Titelseite der Festschrift ist als Nachweis mitzubringen. Der Rechtsweg ist ausgeschlossen.</h6>

<p>Auf jeder Festschrift der Kirchweih Pfaffenhofen befindet sich auf der Titelseite eine vierstellige Losnummer! Die Festschrift wird ab Mai in Pfaffenhofen verteilt&nbsp; (leider verzögert sich die Ausgabe aufgrund Lieferprobleme der Druckerei!) und ist in vielen Geschäften der Stadt Roth und Büchenbach kostenlos erhältlich!&nbsp; Registriert die Losnummer hier auf der Seite, sendet die Gewinnnummer an gewinnspiel@kirchweih-pfaffenhofen.de&hellip; <br /> <a class="read-more" href="http://sektion-hair.de/kirchweih/wordpress/verlosung/">Weiterlesen</a></p>
