{"id":12,"date":"2017-10-16T13:38:15","date_gmt":"2017-10-16T11:38:15","guid":{"rendered":"http:\/\/sektion-hair.de\/kirchweih\/wordpress\/?page_id=12"},"modified":"2023-03-15T07:24:18","modified_gmt":"2023-03-15T06:24:18","slug":"unterstuetzer","status":"publish","type":"page","link":"http:\/\/sektion-hair.de\/kirchweih\/wordpress\/unterstuetzer\/","title":{"rendered":"Unterst\u00fctzer"},"content":{"rendered":"<p><strong>Wir bedanken uns recht Herzlich bei unseren Partnern &amp; Unterst\u00fctzern der K\u00e4rwa 2023:<\/strong><\/p>\n<h6>(Alle Partner werden in alphabetischer Reihenfolge aufgelistet)<\/h6>\n","protected":false},"excerpt":{"rendered":"<p>Wir bedanken uns recht Herzlich bei unseren Partnern &amp; Unterst\u00fctzern der K\u00e4rwa 2023: (Alle Partner werden in alphabetischer Reihenfolge aufgelistet)<\/p>\n","protected":false},"author":1,"featured_media":0,"parent":0,"menu_order":0,"comment_status":"closed","ping_status":"closed","template":"","meta":{"ngg_post_thumbnail":0,"footnotes":""},"_links":{"self":[{"href":"http:\/\/sektion-hair.de\/kirchweih\/wordpress\/wp-json\/wp\/v2\/pages\/12"}],"collection":[{"href":"http:\/\/sektion-hair.de\/kirchweih\/wordpress\/wp-json\/wp\/v2\/pages"}],"about":[{"href":"http:\/\/sektion-hair.de\/kirchweih\/wordpress\/wp-json\/wp\/v2\/types\/page"}],"author":[{"embeddable":true,"href":"http:\/\/sektion-hair.de\/kirchweih\/wordpress\/wp-json\/wp\/v2\/users\/1"}],"replies":[{"embeddable":true,"href":"http:\/\/sektion-hair.de\/kirchweih\/wordpress\/wp-json\/wp\/v2\/comments?post=12"}],"version-history":[{"count":21,"href":"http:\/\/sektion-hair.de\/kirchweih\/wordpress\/wp-json\/wp\/v2\/pages\/12\/revisions"}],"predecessor-version":[{"id":367,"href":"http:\/\/sektion-hair.de\/kirchweih\/wordpress\/wp-json\/wp\/v2\/pages\/12\/revisions\/367"}],"wp:attachment":[{"href":"http:\/\/sektion-hair.de\/kirchweih\/wordpress\/wp-json\/wp\/v2\/media?parent=12"}],"curies":[{"name":"wp","href":"https:\/\/api.w.org\/{rel}","templated":true}]}}

Unterstützer

<p><strong>Wir bedanken uns recht Herzlich bei unseren Partnern &amp; Unterstützern der Kärwa 2023:</strong></p>
<h6>(Alle Partner werden in alphabetischer Reihenfolge aufgelistet)</h6>

<p>Wir bedanken uns recht Herzlich bei unseren Partnern &amp; Unterstützern der Kärwa 2023: (Alle Partner werden in alphabetischer Reihenfolge aufgelistet)</p>
